Vous êtes sur la page 1sur 8

--------- beginning of /dev/log/system
I/ActivityManager( 198): START {act=android.intent.action.MAIN cat=[android.int ent.category.HOME] flg=0x10200000 cmp=com.android.launcher/com.android.launcher2 .

Launcher} from pid 198 --------- beginning of /dev/log/main
D/dalvikvm( 198): GC_FOR_ALLOC freed 234K, 15% free 10915K/12807K, paused 80ms
W/InputManagerService( 198): Starting input on non-focused client com.android.i nternal.view.IInputMethodClient$Stub$Proxy@4141ae78 (uid=10082 pid=4597)
I/ActivityManager( 198): START {act=android.intent.action.MAIN cat=[android.int ent.category.LAUNCHER] flg=0x10000000 pkg=com.acetrax cmp=com.acetrax/.activity. TermsAndConditionActivity bnds=[272,52][368,148]} from pid 438
D/dalvikvm( 198): GC_FOR_ALLOC freed 181K, 15% free 10964K/12807K, paused 77ms
I/dalvikvm( 4630): Turning on JNI app bug workarounds for target SDK version 8.. .
I/ActivityManager( 198): Start proc com.acetrax for activity com.acetrax/.activ ity.TermsAndConditionActivity: pid=4630 uid=10083 gids={3003, 1015}
D/OpenGLRenderer( 438): Flushing caches (mode 1)
I/ActivityThread( 4630): Pub com.acetrax.provider.categoryTop: com.acetrax.provi der.CategoryTopProvider
I/ActivityThread( 4630): Pub com.acetrax.provider.homedata: com.acetrax.provider .HomeDataProvider
I/ActivityThread( 4630): Pub com.acetrax.provider.category: com.acetrax.provider .CategoryDataProvider
D/OpenGLRenderer( 438): Flushing caches (mode 0)
I/ActivityThread( 4630): Pub com.acetrax.provider.Generedata: com.acetrax.provid er.GenereDataProvider
I/ActivityThread( 4630): Pub com.acetrax.provider.downloadedmoviesdata: com.acet rax.provider.DownloadedMoviesDataProvider
I/ActivityThread( 4630): Pub com.acetrax.provider.topten: com.acetrax.provider.T opTenDataProvider
I/ActivityThread( 4630): Pub com.acetrax.provider.moviedetailsdata: com.acetrax. provider.MoviedetailsProvider
I/ActivityThread( 4630): Pub com.acetrax.provider.episodesdata: com.acetrax.prov ider.EpisodesDataProvider
I/ActivityThread( 4630): Pub com.acetrax.provider.searchdata: com.acetrax.provid er.SearchDataProvider
I/ActivityThread( 4630): Pub com.acetrax.provider.mymovie: com.acetrax.provider. MyMoviesDataProvider
V/Acetrax Movies( 4630): Acetrax App
D/dalvikvm( 4630): GC_EXPLICIT freed 95K, 3% free 6607K/6787K, paused 2ms+2ms
I/wpa_supplicant( 276): wpa_driver_nl80211_driver_cmd: Unsupported command SETS USPENDOPT 1
V/Acetrax Movies( 4630): dm.densityDpi160
V/Acetrax Movies( 4630): SCREENLAYOUT_SIZE_XLARGE
V/Acetrax Movies( 4630): XLargemdpi
W/System.err( 4630): java.lang.NullPointerException
W/System.err( 4630): at com.acetrax.activity.TermsAndConditionActivity.onCrea te(TermsAndConditionActivity.java:177)
W/System.err( 4630): at android.app.Activity.performCreate(Activity.java:4465 )
W/System.err( 4630): at android.app.Instrumentation.callActivityOnCreate(Inst rumentation.java:1049)
W/System.err( 4630): at android.app.ActivityThread.performLaunchActivity(Acti vityThread.java:1920)
W/System.err( 4630): at android.app.ActivityThread.handleLaunchActivity(Activ ityThread.java:1981)
W/System.err( 4630): at android.app.ActivityThread.access$600(ActivityThread. java:123)
W/System.err( 4630): at android.app.ActivityThread$H.handleMessage(ActivityTh read.java:1147)

W/System.err( 4630): at android.os.Handler.dispatchMessage(Handler.java:99)
W/System.err( 4630): at android.os.Looper.loop(Looper.java:137)
W/System.err( 4630): at android.app.ActivityThread.main(ActivityThread.java:4 424)
W/System.err( 4630): at java.lang.reflect.Method.invokeNative(Native Method)
W/System.err( 4630): at java.lang.reflect.Method.invoke(Method.java:511)
W/System.err( 4630): at com.android.internal.os.ZygoteInit$MethodAndArgsCalle r.run(ZygoteInit.java:784)
W/System.err( 4630): at com.android.internal.os.ZygoteInit.main(ZygoteInit.ja va:551)
W/System.err( 4630): at dalvik.system.NativeStart.main(Native Method)
V/Acetrax Movies( 4630): Term & condtion language-- Deutsch (Deutschland)
V/Acetrax Movies( 4630): Term & condtion language-- german
I/ActivityManager( 198): START {cmp=com.acetrax/.activity.LoadingActivity} from pid 4630
D/dalvikvm( 4630): GC_CONCURRENT freed 215K, 5% free 6803K/7111K, paused 4ms+3ms
D/dalvikvm( 4630): GC_FOR_ALLOC freed 104K, 6% free 6850K/7239K, paused 20ms
V/Acetrax Movies( 4630): dm.densityDpi160
V/Acetrax Movies( 4630): SCREENLAYOUT_SIZE_XLARGE
V/Acetrax Movies( 4630): http://android.acetrax.com/generic.aspx?type=home1&affi liate=Toshiba&Ver=3.1.21
V/TabletStatusBar( 278): setLightsOn(true)
I/ActivityManager( 198): Displayed com.acetrax/.activity.LoadingActivity: +277m s (total +587ms)
D/dalvikvm( 4630): GC_CONCURRENT freed 333K, 6% free 7003K/7431K, paused 3ms+20m s
D/webviewglue( 4630): nativeDestroy view: 0xba3500
D/webviewglue( 4630): nativeDestroy view: 0xbb9a10
E/Bhavesh ( 4630): Start fetching data Home......
E/Acetrax Movies( 4630): english=New to Rent;german=Neu zum Leihen;french=Les No uveauts louer;italian=Novit per il noleggio;
D/dalvikvm( 4630): GC_CONCURRENT freed 401K, 7% free 7022K/7495K, paused 2ms+2ms
D/dalvikvm( 4630): GC_CONCURRENT freed 534K, 9% free 6949K/7559K, paused 1ms+2ms
D/dalvikvm( 4630): GC_FOR_ALLOC freed 340K, 9% free 6952K/7559K, paused 20ms
D/dalvikvm( 4630): GC_CONCURRENT freed 371K, 8% free 7019K/7559K, paused 2ms+2ms
D/dalvikvm( 4630): GC_CONCURRENT freed 594K, 9% free 6948K/7623K, paused 1ms+2ms
D/dalvikvm( 4630): GC_CONCURRENT freed 461K, 9% free 6954K/7623K, paused 1ms+1ms
D/dalvikvm( 4630): GC_CONCURRENT freed 343K, 9% free 7009K/7623K, paused 2ms+2ms
D/dalvikvm( 4630): GC_CONCURRENT freed 586K, 10% free 6934K/7623K, paused 5ms+2m s
D/dalvikvm( 4630): GC_CONCURRENT freed 441K, 9% free 6955K/7623K, paused 1ms+1ms
E/Acetrax Movies( 4630): english=Most Popular;german=Beliebteste;french=Les plus populaires;italian=Top Noleggio;
E/Acetrax Movies( 4630): english=Recommended to Own;german=Empfohlen zum Kauf;fr ench=Les recommandations d`achat;italian=Consigli per l'acquisto;
I/ActivityManager( 198): START {cmp=com.acetrax/.activity.HomeActivity} from pi d 4630
D/dalvikvm( 198): GC_FOR_ALLOC freed 147K, 14% free 11037K/12807K, paused 61ms
I/dalvikvm-heap( 198): Grow heap (frag case) to 10.933MB for 124216-byte alloca tion
D/dalvikvm( 198): GC_FOR_ALLOC freed 16K, 14% free 11142K/12935K, paused 51ms
D/dalvikvm( 4630): Trying to load lib /data/data/com.acetrax/lib/libacetrax.so 0 x410c5128
D/dalvikvm( 4630): Added shared lib /data/data/com.acetrax/lib/libacetrax.so 0x4 10c5128
D/dalvikvm( 4630): No JNI_OnLoad found in /data/data/com.acetrax/lib/libacetrax. so 0x410c5128, skipping init
V/Acetrax Movies( 4630): dm.densityDpi160
V/Acetrax Movies( 4630): SCREENLAYOUT_SIZE_XLARGE
D/dalvikvm( 4630): GC_CONCURRENT freed 426K, 8% free 7031K/7623K, paused 1ms+5ms

W/ResourceType( 4630): Skipping entry 0x1080282 in package table 0 because it is not complex!
I/wpa_supplicant( 276): wpa_driver_nl80211_driver_cmd: Unsupported command SETS USPENDOPT 1
D/dalvikvm( 4630): GC_CONCURRENT freed 248K, 5% free 7247K/7623K, paused 2ms+2ms
D/dalvikvm( 4630): GC_FOR_ALLOC freed 182K, 5% free 7485K/7815K, paused 15ms
D/dalvikvm( 4630): GC_CONCURRENT freed 5K, 4% free 7663K/7943K, paused 2ms+2ms
D/dalvikvm( 4630): GC_FOR_ALLOC freed 173K, 5% free 7824K/8199K, paused 15ms
D/dalvikvm( 4630): GC_FOR_ALLOC freed 143K, 4% free 8078K/8391K, paused 16ms
D/dalvikvm( 4630): GC_FOR_ALLOC freed 142K, 4% free 8328K/8647K, paused 15ms
D/dalvikvm( 4630): GC_FOR_ALLOC freed 178K, 4% free 8648K/8967K, paused 15ms
D/dalvikvm( 4630): GC_EXPLICIT freed 72K, 4% free 8871K/9223K, paused 2ms+2ms
D/dalvikvm( 4630): GC_EXPLICIT freed 40K, 5% free 8955K/9351K, paused 1ms+2ms
D/dalvikvm( 4630): GC_EXPLICIT freed 31K, 5% free 9048K/9479K, paused 1ms+2ms
D/dalvikvm( 4630): GC_EXPLICIT freed 31K, 4% free 9141K/9479K, paused 2ms+2ms
D/dalvikvm( 4630): GC_EXPLICIT freed 31K, 4% free 9241K/9607K, paused 1ms+2ms
D/dalvikvm( 4630): GC_EXPLICIT freed 33K, 5% free 9340K/9735K, paused 1ms+2ms
D/dalvikvm( 4630): GC_EXPLICIT freed 33K, 5% free 9438K/9863K, paused 1ms+2ms
D/dalvikvm( 4630): GC_EXPLICIT freed 33K, 4% free 9529K/9863K, paused 1ms+2ms
D/dalvikvm( 4630): GC_EXPLICIT freed 31K, 4% free 9622K/9991K, paused 2ms+2ms
D/dalvikvm( 4630): GC_EXPLICIT freed 31K, 4% free 9722K/10119K, paused 1ms+2ms
D/dalvikvm( 4630): GC_EXPLICIT freed 33K, 5% free 9813K/10247K, paused 1ms+2ms
D/dalvikvm( 4630): GC_EXPLICIT freed 31K, 4% free 9906K/10247K, paused 2ms+2ms
D/dalvikvm( 4630): GC_EXPLICIT freed 31K, 4% free 9999K/10375K, paused 2ms+2ms
D/dalvikvm( 4630): GC_EXPLICIT freed 31K, 4% free 10092K/10503K, paused 2ms+2ms
D/dalvikvm( 4630): GC_EXPLICIT freed 31K, 5% free 10185K/10631K, paused 1ms+2ms
D/dalvikvm( 4630): GC_EXPLICIT freed 31K, 4% free 10278K/10631K, paused 1ms+2ms
D/dalvikvm( 4630): GC_EXPLICIT freed 31K, 4% free 10371K/10759K, paused 1ms+2ms
D/dalvikvm( 4630): GC_EXPLICIT freed 31K, 4% free 10464K/10887K, paused 1ms+2ms
D/dalvikvm( 4630): GC_EXPLICIT freed 31K, 3% free 10564K/10887K, paused 1ms+2ms
D/dalvikvm( 4630): GC_EXPLICIT freed 33K, 4% free 10663K/11015K, paused 2ms+1ms
D/dalvikvm( 4630): GC_EXPLICIT freed 33K, 4% free 10754K/11143K, paused 2ms+2ms
D/dalvikvm( 4630): GC_EXPLICIT freed 31K, 4% free 10847K/11271K, paused 1ms+3ms
D/dalvikvm( 4630): GC_EXPLICIT freed 31K, 3% free 10947K/11271K, paused 2ms+2ms
D/dalvikvm( 4630): GC_EXPLICIT freed 33K, 4% free 11045K/11399K, paused 2ms+2ms
D/dalvikvm( 4630): GC_CONCURRENT freed 785K, 7% free 11790K/12615K, paused 2ms+3 ms
V/TabletStatusBar( 278): setLightsOn(true)
D/dalvikvm( 4630): GC_CONCURRENT freed 1788K, 14% free 11797K/13639K, paused 2ms +3ms
D/dalvikvm( 4630): GC_CONCURRENT freed 923K, 8% free 12634K/13639K, paused 2ms+2 ms
I/ActivityManager( 198): Displayed com.acetrax/.activity.HomeActivity: +1s590ms
D/dalvikvm( 4630): GC_CONCURRENT freed 2413K, 17% free 12274K/14727K, paused 3ms +2ms
I/ActivityManager( 198): START {cmp=com.acetrax/.activity.SignInActivity} from pid 4630
D/dalvikvm( 198): GC_FOR_ALLOC freed 163K, 15% free 11029K/12935K, paused 61ms
D/dalvikvm( 4630): GC_CONCURRENT freed 2570K, 22% free 11538K/14727K, paused 1ms +3ms
V/Acetrax Movies( 4630): dm.densityDpi160
V/Acetrax Movies( 4630): SCREENLAYOUT_SIZE_XLARGE
V/TabletStatusBar( 278): setLightsOn(true)
D/dalvikvm( 198): GC_EXPLICIT freed 158K, 15% free 11031K/12935K, paused 2ms+7m s
I/ActivityManager( 198): Displayed com.acetrax/.activity.SignInActivity: +334ms
V/Acetrax Movies( 4630): http://android.acetrax.com/Login.aspx?username=Toshibapd1&password=3c%3F29-87&Key=-1025347348&Ver=3.1.21&returntype=SilverlightXml
V/Bhavesh ( 4630): cookie through connection --- .ASPXAUTH=05D4325381913A415151 4984A4CE74BA82A19F0414B17EA042B975D5EC27A82C2907FB1EF7F57677331051CF9A12A7EE2EFF

8E7A699B2F3D43A46555602E74AC0C1DD041C9B8F1D50FAD8D0F80D57B19A5180EEE5F490E969829 E194A6E3F4F315C34716096CFBD78817EADD2FB1DBFC7E372C8D37A327D549EB0100174DEF8B7B76 0AB671E0596E855F2935FBDCC8D435B8D4230795D0009E64DE080781A3C3422E9B055F4AA0DA16E0 F5C81D5946EB008895A91FE8ED691674356034A09EEF1A4134CAB21C07CF387A9871A61F2D44DDA1 52648ACB756BA02FBC7FB30EE9F17F71E403; domain=acetrax.com; expires=Thu, 17-Jan-32 13 13:32:55 GMT; path=/; HttpOnly
V/Bhavesh ( 4630): cookies date time --- Thu, 17 Jan 2013 13:32:55 GMT
V/Bhavesh ( 4630): cookies Expiry time --- Thu, 17-Jan-3213 13:32:55 GMT
D/dalvikvm( 4630): GC_CONCURRENT freed 912K, 17% free 12305K/14727K, paused 2ms+ 4ms
V/TabletStatusBar( 278): setLightsOn(true)
V/Acetrax Movies( 4630): Webview Loading Done--http://android.acetrax.com/Login. aspx?username=Toshiba-pd1&password=3c%3F29-87&returntype=SilverlightXml
I/ActivityManager( 198): START {cmp=com.acetrax/.activity.MyMoviesActivity} fro m pid 4630
D/dalvikvm( 198): GC_FOR_ALLOC freed 187K, 15% free 11049K/12935K, paused 53ms
V/Acetrax Movies( 4630): My Movies in onCreate --V/Acetrax Movies( 4630): dm.densityDpi160
V/Acetrax Movies( 4630): SCREENLAYOUT_SIZE_XLARGE
D/dalvikvm( 4630): GC_EXPLICIT freed 2263K, 21% free 11771K/14727K, paused 2ms+4 ms
I/ActivityManager( 198): START {cmp=com.acetrax/.activity.MyMoviesLoadingActivi ty (has extras)} from pid 4630
V/Acetrax Movies( 4630): My Movies in Resume --V/Acetrax Movies( 4630): dm.densityDpi160
V/Acetrax Movies( 4630): dm.densityDpi160
V/Acetrax Movies( 4630): SCREENLAYOUT_SIZE_XLARGE
V/TabletStatusBar( 278): setLightsOn(true)
V/Acetrax Movies( 4630): http://android.acetrax.com/mymovies.aspx?filter=valid&t ype=MyMoviesTVHP&pos=0&PagingSize=9
I/ActivityManager( 198): Displayed com.acetrax/.activity.MyMoviesActivity: +292 ms
I/ActivityManager( 198): Displayed com.acetrax/.activity.MyMoviesLoadingActivit y: +208ms
V/Acetrax Movies( 4630): --Profile_720576
V/Acetrax Movies( 4630): --Standard_WMV-Download_Video_Coding_Profile_SD_4-3_Ste reo
V/Acetrax Movies( 4630): --Profile_720576
V/Acetrax Movies( 4630): --Standard_WMV-Download_Video_Coding_Profile_SD_16-9_St ereo_25
V/Acetrax Movies( 4630): --Profile_720576
V/Acetrax Movies( 4630): --Standard_WMV-Download_Video_Coding_Profile_SD_16-9_St ereo_25
V/Acetrax Movies( 4630): --Profile_720576
V/Acetrax Movies( 4630): --Standard_WMV-Download_Video_Coding_Profile_SD_16-9_St ereo_25
V/Acetrax Movies( 4630): --Profile_720576
V/Acetrax Movies( 4630): --Standard_WMV-Download_Video_Coding_Profile_SD_16-9_St ereo_25
V/Acetrax Movies( 4630): --Profile_720576
V/Acetrax Movies( 4630): --Standard_WMV-Download_Video_Coding_Profile_SD_16-9_St ereo_25
V/Acetrax Movies( 4630): --Profile_720576
V/Acetrax Movies( 4630): --Standard_WMV-Download_Video_Coding_Profile_SD_16-9_St ereo_25
V/Acetrax Movies( 4630): --Profile_720576
V/Acetrax Movies( 4630): --Standard_WMV-Download_Video_Coding_Profile_SD_16-9_St ereo_25
D/dalvikvm( 4630): GC_CONCURRENT freed 1315K, 18% free 12136K/14727K, paused 2ms +2ms

V/Acetrax Movies( 4630): --Profile_720576
V/Acetrax Movies( 4630): --Standard_WMV-Download_Video_Coding_Profile_SD_16-9_St ereo_25
V/Acetrax Movies( 4630): loading DONE
D/dalvikvm( 198): GC_FOR_ALLOC freed 198K, 15% free 11046K/12935K, paused 67ms
V/Acetrax Movies( 4630): My Movies in Resume --V/Acetrax Movies( 4630): dm.densityDpi160
V/TabletStatusBar( 278): setLightsOn(true)
W/ResourceType( 4630): Skipping entry 0x1080282 in package table 0 because it is not complex!
V/Acetrax Movies( 4630): nMax9
V/Acetrax Movies( 4630): nMax13
D/dalvikvm( 4630): GC_EXPLICIT freed 338K, 19% free 12069K/14727K, paused 2ms+3m s
V/Acetrax Movies( 4630): /data/data/com.acetrax/files/Joe Cocker - Live In Berli n.wmv
V/Acetrax Movies( 4630): /mnt/sdcard/Movies/Joe Cocker - Live In Berlin.wmv
V/Acetrax Movies( 4630): /mnt/sdcard2
V/Acetrax Movies( 4630): /mnt/usb0
V/Acetrax Movies( 4630): /mnt/usb1
V/Acetrax Movies( 4630): /mnt/usb2
V/Acetrax Movies( 4630): /mnt/usb3
V/Acetrax Movies( 4630): /mnt/usb4
V/Acetrax Movies( 4630): /mnt/usb5
V/Acetrax Movies( 4630): /mnt/usb6
V/Acetrax Movies( 4630): /mnt/usb7
V/Acetrax Movies( 4630): /data/data/com.acetrax/files/Hugo.wmv
V/Acetrax Movies( 4630): /mnt/sdcard/Movies/Hugo.wmv
V/Acetrax Movies( 4630): /mnt/sdcard2
V/Acetrax Movies( 4630): /mnt/usb0
V/Acetrax Movies( 4630): /mnt/usb1
V/Acetrax Movies( 4630): /mnt/usb2
V/Acetrax Movies( 4630): /mnt/usb3
V/Acetrax Movies( 4630): /mnt/usb4
V/Acetrax Movies( 4630): /mnt/usb5
V/Acetrax Movies( 4630): /mnt/usb6
V/Acetrax Movies( 4630): /mnt/usb7
V/Acetrax Movies( 4630): /data/data/com.acetrax/files/Rock of Ages.wmv
V/Acetrax Movies( 4630): /mnt/sdcard/Movies/Rock of Ages.wmv
V/Acetrax Movies( 4630): /mnt/sdcard2
V/Acetrax Movies( 4630): /mnt/usb0
V/Acetrax Movies( 4630): /mnt/usb1
V/Acetrax Movies( 4630): /mnt/usb2
V/Acetrax Movies( 4630): /mnt/usb3
V/Acetrax Movies( 4630): /mnt/usb4
V/Acetrax Movies( 4630): /mnt/usb5
V/Acetrax Movies( 4630): /mnt/usb6
V/Acetrax Movies( 4630): /mnt/usb7
V/Acetrax Movies( 4630): /data/data/com.acetrax/files/Tom und Jerry - Jagd im Sc hnee.wmv
V/Acetrax Movies( 4630): /mnt/sdcard/Movies/Tom und Jerry - Jagd im Schnee.wmv
V/Acetrax Movies( 4630): /mnt/sdcard2
V/Acetrax Movies( 4630): /mnt/usb0
V/Acetrax Movies( 4630): /mnt/usb1
V/Acetrax Movies( 4630): /mnt/usb2
V/Acetrax Movies( 4630): /mnt/usb3
V/Acetrax Movies( 4630): /mnt/usb4
V/Acetrax Movies( 4630): /mnt/usb5
V/Acetrax Movies( 4630): /mnt/usb6
V/Acetrax Movies( 4630): /mnt/usb7

V/Acetrax Movies( 4630): /data/data/com.acetrax/files/2012.wmv
V/Acetrax Movies( 4630): /mnt/sdcard/Movies/2012.wmv
V/Acetrax Movies( 4630): /mnt/sdcard2
V/Acetrax Movies( 4630): /mnt/usb0
V/Acetrax Movies( 4630): /mnt/usb1
V/Acetrax Movies( 4630): /mnt/usb2
V/Acetrax Movies( 4630): /mnt/usb3
V/Acetrax Movies( 4630): /mnt/usb4
V/Acetrax Movies( 4630): /mnt/usb5
V/Acetrax Movies( 4630): /mnt/usb6
V/Acetrax Movies( 4630): /mnt/usb7
V/Acetrax Movies( 4630): /data/data/com.acetrax/files/Anonymous.wmv
V/Acetrax Movies( 4630): /mnt/sdcard/Movies/Anonymous.wmv
V/Acetrax Movies( 4630): /mnt/sdcard2
V/Acetrax Movies( 4630): /mnt/usb0
V/Acetrax Movies( 4630): /mnt/usb1
V/Acetrax Movies( 4630): /mnt/usb2
V/Acetrax Movies( 4630): /mnt/usb3
V/Acetrax Movies( 4630): /mnt/usb4
V/Acetrax Movies( 4630): /mnt/usb5
V/Acetrax Movies( 4630): /mnt/usb6
V/Acetrax Movies( 4630): /mnt/usb7
V/Acetrax Movies( 4630): /data/data/com.acetrax/files/Michael Jackson's This Is It.wmv
V/Acetrax Movies( 4630): /mnt/sdcard/Movies/Michael Jackson's This Is It.wmv
V/Acetrax Movies( 4630): /mnt/sdcard2
V/Acetrax Movies( 4630): /mnt/usb0
V/Acetrax Movies( 4630): /mnt/usb1
V/Acetrax Movies( 4630): /mnt/usb2
V/Acetrax Movies( 4630): /mnt/usb3
V/Acetrax Movies( 4630): /mnt/usb4
V/Acetrax Movies( 4630): /mnt/usb5
V/Acetrax Movies( 4630): /mnt/usb6
V/Acetrax Movies( 4630): /mnt/usb7
V/Acetrax Movies( 4630): /data/data/com.acetrax/files/Super 8.wmv
V/Acetrax Movies( 4630): /mnt/sdcard/Movies/Super 8.wmv
D/dalvikvm( 4630): GC_CONCURRENT freed 831K, 12% free 13094K/14727K, paused 2ms+ 4ms
V/Acetrax Movies( 4630): /mnt/sdcard2
V/Acetrax Movies( 4630): /mnt/usb0
V/Acetrax Movies( 4630): /mnt/usb1
V/Acetrax Movies( 4630): /mnt/usb2
V/Acetrax Movies( 4630): /mnt/usb3
V/Acetrax Movies( 4630): /mnt/usb4
V/Acetrax Movies( 4630): /mnt/usb5
V/Acetrax Movies( 4630): /mnt/usb6
V/Acetrax Movies( 4630): /mnt/usb7
V/Acetrax Movies( 4630): /data/data/com.acetrax/files/Die Geheimnisse der Spider wicks.wmv
V/Acetrax Movies( 4630): /mnt/sdcard/Movies/Die Geheimnisse der Spiderwicks.wmv
V/Acetrax Movies( 4630): /mnt/sdcard2
V/Acetrax Movies( 4630): /mnt/usb0
V/Acetrax Movies( 4630): /mnt/usb1
V/Acetrax Movies( 4630): /mnt/usb2
V/Acetrax Movies( 4630): /mnt/usb3
V/Acetrax Movies( 4630): /mnt/usb4
V/Acetrax Movies( 4630): /mnt/usb5
V/Acetrax Movies( 4630): /mnt/usb6
V/Acetrax Movies( 4630): /mnt/usb7
D/dalvikvm( 4630): GC_EXPLICIT freed 596K, 11% free 13139K/14727K, paused 3ms+3m

s
D/dalvikvm( 4630): GC_EXPLICIT freed 141K, 11% free 13123K/14727K, paused 2ms+3m s
D/dalvikvm( 4630): GC_EXPLICIT freed 98K, 11% free 13156K/14727K, paused 2ms+2ms
D/dalvikvm( 4630): GC_EXPLICIT freed 98K, 11% free 13189K/14727K, paused 2ms+3ms
D/dalvikvm( 4630): GC_EXPLICIT freed 102K, 11% free 13224K/14727K, paused 2ms+2m s
D/dalvikvm( 4630): GC_FOR_ALLOC freed 1K, 11% free 13411K/14919K, paused 22ms
D/dalvikvm( 4630): GC_EXPLICIT freed 563K, 14% free 13412K/15495K, paused 3ms+3m s
D/dalvikvm( 4630): GC_EXPLICIT freed 97K, 14% free 13445K/15495K, paused 2ms+3ms
D/dalvikvm( 4630): GC_EXPLICIT freed 157K, 13% free 13498K/15495K, paused 3ms+2m s
D/dalvikvm( 4630): GC_EXPLICIT freed 94K, 13% free 13530K/15495K, paused 2ms+2ms
D/dalvikvm( 4630): GC_FOR_ALLOC freed 15K, 13% free 13553K/15495K, paused 23ms
I/dalvikvm-heap( 4630): Grow heap (frag case) to 13.887MB for 649984-byte alloca tion
D/dalvikvm( 4630): GC_FOR_ALLOC freed <1K, 13% free 14187K/16135K, paused 22ms
D/dalvikvm( 4630): GC_FOR_ALLOC freed 867K, 18% free 13335K/16135K, paused 22ms
D/AndroidRuntime( 4630): Shutting down VM
W/dalvikvm( 4630): threadid=1: thread exiting with uncaught exception (group=0x4 0a601f8)
E/AndroidRuntime( 4630): FATAL EXCEPTION: main
E/AndroidRuntime( 4630): java.lang.NullPointerException
E/AndroidRuntime( 4630): at com.acetrax.activity.MyMoviesActivity$19.onCl ick(MyMoviesActivity.java:4281)
E/AndroidRuntime( 4630): at android.view.View.performClick(View.java:3511 )
E/AndroidRuntime( 4630): at android.view.View$PerformClick.run(View.java: 14105)
E/AndroidRuntime( 4630): at android.os.Handler.handleCallback(Handler.jav a:605)
E/AndroidRuntime( 4630): at android.os.Handler.dispatchMessage(Handler.ja va:92)
E/AndroidRuntime( 4630): at android.os.Looper.loop(Looper.java:137)
E/AndroidRuntime( 4630): at android.app.ActivityThread.main(ActivityThrea d.java:4424)
E/AndroidRuntime( 4630): at java.lang.reflect.Method.invokeNative(Native Method)
E/AndroidRuntime( 4630): at java.lang.reflect.Method.invoke(Method.java:5 11)
E/AndroidRuntime( 4630): at com.android.internal.os.ZygoteInit$MethodAndA rgsCaller.run(ZygoteInit.java:784)
E/AndroidRuntime( 4630): at com.android.internal.os.ZygoteInit.main(Zygot eInit.java:551)
E/AndroidRuntime( 4630): at dalvik.system.NativeStart.main(Native Method)
W/ActivityManager( 198): Force finishing activity com.acetrax/.activity.MyMov iesActivity
D/dalvikvm( 198): GC_FOR_ALLOC freed 181K, 15% free 11033K/12935K, paused 58ms
W/ActivityManager( 198): Activity pause timeout for ActivityRecord{4155ac78 com .acetrax/.activity.MyMoviesActivity}
I/Process ( 4630): Sending signal. PID: 4630 SIG: 9
I/ActivityManager( 198): Process com.acetrax (pid 4630) has died.
I/WindowManager( 198): WIN DEATH: Window{415a2a10 com.acetrax/com.acetrax.activ ity.HomeActivity paused=false}
I/wpa_supplicant( 276): wpa_driver_nl80211_driver_cmd: Unsupported command SETS USPENDOPT 0
I/wpa_supplicant( 276): wpa_driver_nl80211_driver_cmd: Unsupported command SETS USPENDOPT 0
I/WindowManager( 198): WIN DEATH: Window{41517158 com.acetrax/com.acetrax.activ

ity.MyMoviesActivity paused=false}
I/WindowManager( 198): WIN DEATH: Window{410fb2d0 paused=false}
W/ActivityManager( 198): Force removing ActivityRecord{415051a0 com.acetrax/.ac tivity.HomeActivity}: app died, no saved state
W/InputManagerService( 198): Got RemoteException sending setActive(false) notif ication to pid 4630 uid 10083
I/ActivityManager( 198): START {act=android.intent.action.MAIN cat=[android.int ent.category.LAUNCHER] flg=0x10000000 pkg=org.jtb.alogcat cmp=org.jtb.alogcat/.L ogActivity bnds=[144,52][240,148]} from pid 438
D/dalvikvm( 198): GC_FOR_ALLOC freed 304K, 16% free 10944K/12935K, paused 77ms
D/OpenGLRenderer( 438): Flushing caches (mode 1)
D/dalvikvm( 4597): GC_CONCURRENT freed 1003K, 13% free 7259K/8327K, paused 3ms+2 4ms
D/OpenGLRenderer( 438): Flushing caches (mode 0)

Vous aimerez peut-être aussi