D/MP-Decision( 2089): DOWN Ns:2.100000 Ts:270 rq:1.700000 seq:307 (Up time:1393)
D/dalvikvm( 1176): GC_EXPLICIT freed 121K, 21% free 9202K/11516K, paused 4ms+9ms , total 150ms
D/SizeAdaptiveLayout( 1574): com.android.internal.widget.SizeAdaptiveLayout{414a a5d8 V.E..... ......I. 0,0-0,0 #7f09007a app:id/adaptive}child view android.widg et.FrameLayout{414c0160 G.E..... ......ID 0,0-0,0 #1020324 android:id/status_bar _latest_event_content} measured out of bounds at 95px clamped to 96px
D/SizeAdaptiveLayout( 1574): com.android.internal.widget.SizeAdaptiveLayout{40de 29b0 V.E..... ......I. 0,0-0,0 #7f09007a app:id/adaptive}child view android.widg et.FrameLayout{40de2e60 G.E..... ......ID 0,0-0,0 #1020324 android:id/status_bar _latest_event_content} measured out of bounds at 95px clamped to 96px
D/SizeAdaptiveLayout( 1574): com.android.internal.widget.SizeAdaptiveLayout{40e8 8838 V.E..... ......ID 0,0-540,96 #7f09007a app:id/adaptive}child view android.w idget.LinearLayout{40e360a8 V.E..... ......ID 0,0-540,95} measured out of bounds at 95px clamped to 96px
D/SizeAdaptiveLayout( 1574): com.android.internal.widget.SizeAdaptiveLayout{40e5 3758 V.E..... ......ID 0,0-540,96 #7f09007a app:id/adaptive}child view android.w idget.FrameLayout{40dfeab8 V.E..... ......ID 0,0-540,96 #1020324 android:id/stat us_bar_latest_event_content} measured out of bounds at 95px clamped to 96px
D/SizeAdaptiveLayout( 1574): com.android.internal.widget.SizeAdaptiveLayout{414a a5d8 V.E..... ......I. 0,0-0,0 #7f09007a app:id/adaptive}child view android.widg et.FrameLayout{414c0160 G.E..... ......ID 0,0-0,0 #1020324 android:id/status_bar _latest_event_content} measured out of bounds at 95px clamped to 96px
D/SizeAdaptiveLayout( 1574): com.android.internal.widget.SizeAdaptiveLayout{40de 29b0 V.E..... ......I. 0,0-0,0 #7f09007a app:id/adaptive}child view android.widg et.FrameLayout{40de2e60 G.E..... ......ID 0,0-0,0 #1020324 android:id/status_bar _latest_event_content} measured out of bounds at 95px clamped to 96px
D/SizeAdaptiveLayout( 1574): com.android.internal.widget.SizeAdaptiveLayout{40e8 8838 V.E..... ......ID 0,0-540,96 #7f09007a app:id/adaptive}child view android.w idget.LinearLayout{40e360a8 V.E..... ......ID 0,0-540,95} measured out of bounds at 95px clamped to 96px
D/SizeAdaptiveLayout( 1574): com.android.internal.widget.SizeAdaptiveLayout{40e5 3758 V.E..... ......ID 0,0-540,96 #7f09007a app:id/adaptive}child view android.w idget.FrameLayout{40dfeab8 V.E..... ......ID 0,0-540,96 #1020324 android:id/stat us_bar_latest_event_content} measured out of bounds at 95px clamped to 96px
D/dalvikvm( 1636): GC_EXPLICIT freed 698K, 73% free 2966K/10884K, paused 3ms+7ms , total 44ms
D/dalvikvm( 1176): GC_EXPLICIT freed 87K, 21% free 9203K/11516K, paused 4ms+10ms , total 120ms
D/dalvikvm( 1176): GC_EXPLICIT freed 85K, 21% free 9203K/11516K, paused 4ms+9ms, total 121ms
D/AudioHardwareMSM8660( 130): AudioStreamOutMSM8x60::standby()
D/AudioHardwareMSM8660( 130): Deroute pcm stream
D/AudioHardwareMSM8660( 130): deleteFromTable stream 1
D/AudioHardwareMSM8660( 130): updateDeviceInfo: E
D/AudioHardwareMSM8660( 130): simple device switch
E/AudioHardwareMSM8660( 130): value of device and enable is 2 0 ALSA dev id:2
E/AudioHardwareMSM8660( 130): value of device and enable is 3 0 ALSA dev id:4
D/AudioHardwareMSM8660( 130): do_aic3254_control device: 1 mode: 0 record: 0
D/AudioHardwareMSM8660( 130): do_aic3254_control: set aic3254 rx to 29

I/AudioHardwareMSM8660( 130): aic3254 powered off
I/ActivityManager( 1176): START u0 {cmp=com.whatsapp/.Conversations bnds=[0,362] [540,457]} from pid -1
W/ActivityManager( 1176): startActivity called from non-Activity context; forcin g Intent.FLAG_ACTIVITY_NEW_TASK for: Intent { cmp=com.whatsapp/.Conversations bn ds=[0,362][540,457] }
D/dalvikvm( 1176): GC_FOR_ALLOC freed 72K, 20% free 9230K/11516K, paused 99ms, t otal 100ms
I/dalvikvm-heap( 1176): Grow heap (frag case) to 11.562MB for 214528-byte alloca tion
D/MP-Decision( 2089): UP Nw:2.700000 Tw:180 rq:6.900000 seq:198
D/dalvikvm( 1636): GC_EXPLICIT freed 698K, 73% free 2965K/10884K, paused 3ms+85m s, total 545ms
D/libEGL ( 5156): loaded /system/lib/egl/libEGL_adreno200.so
D/libEGL ( 5156): loaded /system/lib/egl/libGLESv1_CM_adreno200.so
D/libEGL ( 5156): loaded /system/lib/egl/libGLESv2_adreno200.so
I/Adreno200-EGL( 5156): <qeglDrvAPI_eglInitialize:294>: EGL 1.4 QUALCOMM build: AU_LINUX_ANDROID_JB.04.01.01.00.036_msm8960_JB_CL2644550_release_AU (CL2644550)
I/Adreno200-EGL( 5156): Build Date: 07/31/12 Tue I/Adreno200-EGL( 5156): Local Branch:
I/Adreno200-EGL( 5156): Remote Branch: quic/master
I/Adreno200-EGL( 5156): Local Patches: NONE
I/Adreno200-EGL( 5156): Reconstruct Branch: AU_LINUX_ANDROID_JB.04.01.01.00.036 + NOTHING
D/OpenGLRenderer( 5156): Enabling debug mode 0
D/dalvikvm( 1176): GC_EXPLICIT freed 330K, 21% free 9271K/11728K, paused 4ms+7ms , total 136ms
D/MP-Decision( 2089): DOWN Ns:2.100000 Ts:270 rq:1.500000 seq:297 (Up time:1086)
D/MP-Decision( 2089): UP Nw:2.700000 Tw:180 rq:6.000000 seq:198
I/ActivityManager( 1176): Displayed com.whatsapp/.Conversations: +1s610ms
D/dalvikvm( 1176): GC_EXPLICIT freed 102K, 22% free 9262K/11728K, paused 4ms+14m s, total 148ms
D/dalvikvm( 1636): GC_EXPLICIT freed 702K, 73% free 2972K/10884K, paused 3ms+9ms , total 64ms
I/ggheart ( 2107): onStop
D/MP-Decision( 2089): DOWN Ns:2.100000 Ts:270 rq:1.000000 seq:297 (Up time:988)
D/dalvikvm( 1176): GC_EXPLICIT freed 133K, 22% free 9219K/11728K, paused 4ms+8ms , total 118ms
D/dalvikvm( 1176): GC_EXPLICIT freed 84K, 22% free 9219K/11728K, paused 4ms+8ms, total 120ms
D/dalvikvm( 1636): GC_EXPLICIT freed 738K, 73% free 2968K/10884K, paused 4ms+7ms , total 47ms
D/dalvikvm( 1176): GC_EXPLICIT freed 85K, 22% free 9219K/11728K, paused 4ms+7ms, total 117ms
D/dalvikvm( 1176): GC_EXPLICIT freed 86K, 22% free 9218K/11728K, paused 3ms+7ms, total 117ms
D/dalvikvm( 1636): GC_EXPLICIT freed 735K, 73% free 2969K/10884K, paused 2ms+7ms , total 46ms
D/dalvikvm( 1176): GC_EXPLICIT freed 89K, 22% free 9223K/11728K, paused 4ms+8ms, total 183ms
I/ActivityManager( 1176): START u0 {flg=0x14000000 cmp=com.whatsapp/.Conversatio n (has extras)} from pid 5156
D/QCUtilClass( 130): extended extractor not needed, return default
D/dalvikvm( 5156): GC_FOR_ALLOC freed 3292K, 44% free 6112K/10884K, paused 44ms, total 48ms
I/dalvikvm-heap( 5156): Grow heap (frag case) to 10.060MB for 1833856-byte alloc ation
D/QCUtilClass( 130): extended extractor not needed, return default
D/MP-Decision( 2089): UP Nw:2.700000 Tw:180 rq:2.900000 seq:198
D/QCUtilClass( 130): extended extractor not needed, return default

D/dalvikvm( 5156): GC_CONCURRENT freed 2231K, 54% free 5940K/12676K, paused 5ms+ 7ms, total 49ms
D/dalvikvm( 1176): GC_EXPLICIT freed 140K, 20% free 9433K/11728K, paused 4ms+9ms , total 167ms
D/dalvikvm( 1636): GC_EXPLICIT freed 726K, 73% free 2972K/10884K, paused 4ms+9ms , total 49ms
I/ActivityManager( 1176): Displayed com.whatsapp/.Conversation: +1s857ms
D/dalvikvm( 1176): GC_EXPLICIT freed 107K, 20% free 9435K/11728K, paused 4ms+13m s, total 185ms
D/dalvikvm( 1176): GC_EXPLICIT freed 99K, 20% free 9431K/11728K, paused 3ms+8ms, total 115ms
D/MP-Decision( 2089): DOWN Ns:2.100000 Ts:270 rq:1.775194 seq:337 (Up time:2146)
D/dalvikvm( 1636): GC_EXPLICIT freed 744K, 73% free 2976K/10884K, paused 3ms+7ms , total 45ms
D/dalvikvm( 1176): GC_EXPLICIT freed 94K, 20% free 9428K/11728K, paused 4ms+8ms, total 128ms
D/dalvikvm( 1176): GC_EXPLICIT freed 352K, 20% free 9434K/11728K, paused 4ms+19m s, total 382ms
D/dalvikvm( 1574): GC_CONCURRENT freed 1706K, 50% free 5466K/10888K, paused 3ms+ 7ms, total 141ms
D/libEGL ( 1675): loaded /system/lib/egl/libEGL_adreno200.so
D/libEGL ( 1675): loaded /system/lib/egl/libGLESv1_CM_adreno200.so
D/libEGL ( 1675): loaded /system/lib/egl/libGLESv2_adreno200.so
I/Adreno200-EGL( 1675): <qeglDrvAPI_eglInitialize:294>: EGL 1.4 QUALCOMM build: AU_LINUX_ANDROID_JB.04.01.01.00.036_msm8960_JB_CL2644550_release_AU (CL2644550)
I/Adreno200-EGL( 1675): Build Date: 07/31/12 Tue I/Adreno200-EGL( 1675): Local Branch:
I/Adreno200-EGL( 1675): Remote Branch: quic/master
I/Adreno200-EGL( 1675): Local Patches: NONE
I/Adreno200-EGL( 1675): Reconstruct Branch: AU_LINUX_ANDROID_JB.04.01.01.00.036 + NOTHING
D/MP-Decision( 2089): UP Nw:2.700000 Tw:180 rq:3.800000 seq:198
D/OpenGLRenderer( 1675): Enabling debug mode 0
D/dalvikvm( 1636): GC_EXPLICIT freed 764K, 73% free 2973K/10884K, paused 7ms+18m s, total 75ms
D/dalvikvm( 1675): null clazz in OP_INSTANCE_OF, single-stepping
D/dalvikvm( 1176): GC_EXPLICIT freed 177K, 20% free 9442K/11728K, paused 4ms+8ms , total 147ms
D/dalvikvm( 1176): GC_EXPLICIT freed 173K, 20% free 9436K/11728K, paused 5ms+9ms , total 145ms
E/BinaryDictionaryGetter( 1675): Could not find a dictionary pack
E/ActivityThread( 1675): Failed to find provider info for com.android.inputmetho d.latin.dictionarypack
D/dalvikvm( 1636): GC_EXPLICIT freed 707K, 73% free 2977K/10884K, paused 15ms+8m s, total 73ms
D/dalvikvm( 1176): GC_EXPLICIT freed 99K, 20% free 9436K/11728K, paused 4ms+9ms, total 148ms
D/cdc ( 2433): action: android.intent.action.MEDIA_SCANNER_FINISHED
D/MP-Decision( 2089): DOWN Ns:2.100000 Ts:270 rq:1.300000 seq:297 (Up time:4736)
D/MP-Decision( 2089): UP Nw:2.700000 Tw:180 rq:2.800000 seq:197
D/QCUtilClass( 130): extended extractor not needed, return default
I/SoftAAC2( 130): Reconfiguring decoder: 44100 Hz, 1 channels
I/OMXNodeInstance( 130): OMX_FreeBuffer for buffer header 0x1283658 successful
I/OMXNodeInstance( 130): OMX_FreeBuffer for buffer header 0x1285e60 successful
I/OMXNodeInstance( 130): OMX_FreeBuffer for buffer header 0x1285fa0 successful
I/OMXNodeInstance( 130): OMX_FreeBuffer for buffer header 0x12860c8 successful
V/AudioHardwareMSM8660( 130): open driver
V/AudioHardwareMSM8660( 130): get config
V/AudioHardwareMSM8660( 130): set config
V/AudioHardwareMSM8660( 130): buffer_size: 4800

V/AudioHardwareMSM8660( 130): buffer_count: 2
V/AudioHardwareMSM8660( 130): channel_count: 2
V/AudioHardwareMSM8660( 130): sample_rate: 44100
E/AudioHardwareMSM8660( 130): write(): dec_id = 1 cur_rx = 2
D/AudioHardwareMSM8660( 130): do_aic3254_control device: 1 mode: 0 record: 0
D/AudioHardwareMSM8660( 130): do_aic3254_control: set aic3254 rx to 13
E/AudioHardwareMSM8660( 130): cur_rx for pcm playback = 2
E/AudioHardwareMSM8660( 130): value of device and enable is 2 1 ALSA dev id:2
D/ACDB-LOADER( 130): ACDB -> send_audio_cal, acdb_id = 15, path = 0
D/ACDB-LOADER( 130): ACDB -> send_audtable
D/ACDB-LOADER( 130): ACDB -> ACDB_CMD_GET_AUDPROC_COMMON_TABLE
D/ACDB-LOADER( 130): ACDB -> AUDIO_SET_AUDPROC_CAL
D/ACDB-LOADER( 130): ACDB -> send_audvoltable
D/ACDB-LOADER( 130): ACDB -> ACDB_CMD_GET_AUDPROC_GAIN_DEP_VOLTBL_STEP_COPP
D/ACDB-LOADER( 130): ACDB -> AUDIO_SET_AUDPROC_VOL_CAL
D/AudioHardwareMSM8660( 130): addToTable stream 1
V/AudioHardwareMSM8660( 130): AudioStreamOutMSM8x60::getParameters() voip_flag=
V/AudioHardwareMSM8660( 130): AudioStreamOutMSM8x60::getParameters() voip_flag=
V/AudioHardwareMSM8660( 130): AudioStreamOutMSM8x60::getParameters() voip_flag=
D/MP-Decision( 2089): DOWN Ns:2.100000 Ts:270 rq:0.100000 seq:297 (Up time:690)
V/AudioHardwareMSM8660( 130): AudioStreamOutMSM8x60::getParameters() voip_flag=
V/AudioHardwareMSM8660( 130): AudioStreamOutMSM8x60::getParameters() voip_flag=
D/AudioHardwareMSM8660( 130): AudioStreamOutMSM8x60::standby()
D/AudioHardwareMSM8660( 130): Deroute pcm stream
D/AudioHardwareMSM8660( 130): deleteFromTable stream 1
D/AudioHardwareMSM8660( 130): updateDeviceInfo: E
D/AudioHardwareMSM8660( 130): simple device switch
E/AudioHardwareMSM8660( 130): value of device and enable is 2 0 ALSA dev id:2
E/AudioHardwareMSM8660( 130): value of device and enable is 3 0 ALSA dev id:4
D/AudioHardwareMSM8660( 130): do_aic3254_control device: 1 mode: 0 record: 0
D/AudioHardwareMSM8660( 130): do_aic3254_control: set aic3254 rx to 29
I/AudioHardwareMSM8660( 130): aic3254 powered off
I/dalvikvm( 5156): Jit: resizing JitTable from 4096 to 8192
E/SpannableStringBuilder( 5156): SPAN_EXCLUSIVE_EXCLUSIVE spans cannot have a ze ro length
E/SpannableStringBuilder( 5156): SPAN_EXCLUSIVE_EXCLUSIVE spans cannot have a ze ro length
I/OMXNodeInstance( 130): OMX_FreeBuffer for buffer header 0x1288c30 successful
I/OMXNodeInstance( 130): OMX_FreeBuffer for buffer header 0x1288b78 successful
I/OMXNodeInstance( 130): OMX_FreeBuffer for buffer header 0x1288aa8 successful
I/OMXNodeInstance( 130): OMX_FreeBuffer for buffer header 0x127e790 successful
I/OMXNodeInstance( 130): OMX_FreeBuffer for buffer header 0x1285f50 successful
I/OMXNodeInstance( 130): OMX_FreeBuffer for buffer header 0x1285e60 successful
I/OMXNodeInstance( 130): OMX_FreeBuffer for buffer header 0x1283688 successful
I/OMXNodeInstance( 130): OMX_FreeBuffer for buffer header 0x1288c88 successful
E/SpannableStringBuilder( 5156): SPAN_EXCLUSIVE_EXCLUSIVE spans cannot have a ze ro length
E/SpannableStringBuilder( 5156): SPAN_EXCLUSIVE_EXCLUSIVE spans cannot have a ze ro length
E/SpannableStringBuilder( 5156): SPAN_EXCLUSIVE_EXCLUSIVE spans cannot have a ze ro length
E/SpannableStringBuilder( 5156): SPAN_EXCLUSIVE_EXCLUSIVE spans cannot have a ze ro length
D/QCUtilClass( 130): extended extractor not needed, return default
I/SoftAAC2( 130): Reconfiguring decoder: 44100 Hz, 1 channels
I/OMXNodeInstance( 130): OMX_FreeBuffer for buffer header 0x12888c8 successful
I/OMXNodeInstance( 130): OMX_FreeBuffer for buffer header 0x127e778 successful
I/OMXNodeInstance( 130): OMX_FreeBuffer for buffer header 0x127e8b8 successful
I/OMXNodeInstance( 130): OMX_FreeBuffer for buffer header 0x1283658 successful
V/AudioHardwareMSM8660( 130): open driver

V/AudioHardwareMSM8660( 130): get config
V/AudioHardwareMSM8660( 130): set config
V/AudioHardwareMSM8660( 130): buffer_size: 4800
V/AudioHardwareMSM8660( 130): buffer_count: 2
V/AudioHardwareMSM8660( 130): channel_count: 2
V/AudioHardwareMSM8660( 130): sample_rate: 44100
E/AudioHardwareMSM8660( 130): write(): dec_id = 1 cur_rx = 2
D/AudioHardwareMSM8660( 130): do_aic3254_control device: 1 mode: 0 record: 0
D/AudioHardwareMSM8660( 130): do_aic3254_control: set aic3254 rx to 13
D/MP-Decision( 2089): UP Nw:2.700000 Tw:180 rq:3.549020 seq:201
E/AudioHardwareMSM8660( 130): cur_rx for pcm playback = 2
E/AudioHardwareMSM8660( 130): value of device and enable is 2 1 ALSA dev id:2
D/ACDB-LOADER( 130): ACDB -> send_audio_cal, acdb_id = 15, path = 0
D/ACDB-LOADER( 130): ACDB -> send_audtable
D/ACDB-LOADER( 130): ACDB -> ACDB_CMD_GET_AUDPROC_COMMON_TABLE
D/ACDB-LOADER( 130): ACDB -> AUDIO_SET_AUDPROC_CAL
D/ACDB-LOADER( 130): ACDB -> send_audvoltable
D/ACDB-LOADER( 130): ACDB -> ACDB_CMD_GET_AUDPROC_GAIN_DEP_VOLTBL_STEP_COPP
D/ACDB-LOADER( 130): ACDB -> AUDIO_SET_AUDPROC_VOL_CAL
D/AudioHardwareMSM8660( 130): addToTable stream 1
D/MP-Decision( 2089): DOWN Ns:2.100000 Ts:270 rq:0.000000 seq:292 (Up time:292)
V/AudioHardwareMSM8660( 130): AudioStreamOutMSM8x60::getParameters() voip_flag=
V/AudioHardwareMSM8660( 130): AudioStreamOutMSM8x60::getParameters() voip_flag=
V/AudioHardwareMSM8660( 130): AudioStreamOutMSM8x60::getParameters() voip_flag=
V/AudioHardwareMSM8660( 130): AudioStreamOutMSM8x60::getParameters() voip_flag=
V/AudioHardwareMSM8660( 130): AudioStreamOutMSM8x60::getParameters() voip_flag=
D/dalvikvm( 1176): GC_FOR_ALLOC freed 1309K, 20% free 9447K/11728K, paused 132ms , total 134ms
I/dalvikvm-heap( 1176): Grow heap (frag case) to 11.774MB for 214528-byte alloca tion
I/OMXNodeInstance( 130): OMX_FreeBuffer for buffer header 0x1282cb8 successful
I/OMXNodeInstance( 130): OMX_FreeBuffer for buffer header 0x1282c00 successful
I/OMXNodeInstance( 130): OMX_FreeBuffer for buffer header 0x1282b30 successful
I/OMXNodeInstance( 130): OMX_FreeBuffer for buffer header 0x127c830 successful
I/OMXNodeInstance( 130): OMX_FreeBuffer for buffer header 0x127e718 successful
I/OMXNodeInstance( 130): OMX_FreeBuffer for buffer header 0x1288820 successful
I/OMXNodeInstance( 130): OMX_FreeBuffer for buffer header 0x12835f8 successful
I/OMXNodeInstance( 130): OMX_FreeBuffer for buffer header 0x1282d10 successful
D/AudioHardwareMSM8660( 130): AudioStreamOutMSM8x60::standby()
D/AudioHardwareMSM8660( 130): Deroute pcm stream
D/AudioHardwareMSM8660( 130): deleteFromTable stream 1
D/AudioHardwareMSM8660( 130): updateDeviceInfo: E
D/AudioHardwareMSM8660( 130): simple device switch
E/AudioHardwareMSM8660( 130): value of device and enable is 2 0 ALSA dev id:2
E/AudioHardwareMSM8660( 130): value of device and enable is 3 0 ALSA dev id:4
D/AudioHardwareMSM8660( 130): do_aic3254_control device: 1 mode: 0 record: 0
D/AudioHardwareMSM8660( 130): do_aic3254_control: set aic3254 rx to 29
I/AudioHardwareMSM8660( 130): aic3254 powered off
I/ActivityManager( 1176): START u0 {flg=0x14000000 cmp=com.whatsapp/.Conversatio n (has extras)} from pid 5156
D/dalvikvm( 1176): GC_FOR_ALLOC freed 265K, 22% free 9431K/11940K, paused 116ms, total 117ms
D/dalvikvm( 5156): GC_CONCURRENT freed 1593K, 51% free 6323K/12676K, paused 5ms+ 28ms, total 104ms
I/ActivityManager( 1176): Displayed com.whatsapp/.Conversation: +1s180ms
D/MP-Decision( 2089): UP Nw:2.700000 Tw:180 rq:4.300000 seq:198
D/MP-Decision( 2089): DOWN Ns:2.100000 Ts:270 rq:0.900000 seq:307 (Up time:403)
W/Settings( 1701): Setting auto_time_zone has moved from android.provider.Settin gs.System to android.provider.Settings.Global, returning read-only value.
D/AlarmManagerService( 1176): Kernel timezone updated to 240 minutes west of GMT

D/MP-Decision( 2089): UP Nw:2.700000 Tw:180 rq:3.600000 seq:225
W/Settings( 1701): Setting auto_time has moved from android.provider.Settings.Sy stem to android.provider.Settings.Global, returning read-only value.
V/AlarmClock( 4014): No next alarm
V/AlarmClock( 4014): AlarmInitReceiver finished
W/System.err( 4927): android.content.pm.PackageManager$NameNotFoundException: co m.adobe.flashplayer
W/System.err( 4927): at android.app.ApplicationPackageManager.getPackageInfo( ApplicationPackageManager.java:81)
W/System.err( 4927): at com.trustgo.common.af.b(Unknown Source)
W/System.err( 4927): at com.trustgo.b.n.d(Unknown Source)
W/System.err( 4927): at com.trustgo.service.TrustgoService.H(Unknown Source)
W/System.err( 4927): at com.trustgo.service.c.run(Unknown Source)
W/System.err( 4927): android.content.pm.PackageManager$NameNotFoundException: co m.adobe.reader
W/System.err( 4927): at android.app.ApplicationPackageManager.getPackageInfo( ApplicationPackageManager.java:81)
W/System.err( 4927): at com.trustgo.common.af.b(Unknown Source)
W/System.err( 4927): at com.trustgo.b.n.d(Unknown Source)
W/System.err( 4927): at com.trustgo.service.TrustgoService.H(Unknown Source)
W/System.err( 4927): at com.trustgo.service.c.run(Unknown Source)
W/System.err( 4927): android.content.pm.PackageManager$NameNotFoundException: co m.android.CSDFunctionG
W/System.err( 4927): at android.app.ApplicationPackageManager.getPackageInfo( ApplicationPackageManager.java:81)
W/System.err( 4927): at com.trustgo.common.af.b(Unknown Source)
W/System.err( 4927): at com.trustgo.b.n.d(Unknown Source)
W/System.err( 4927): at com.trustgo.service.TrustgoService.H(Unknown Source)
W/System.err( 4927): at com.trustgo.service.c.run(Unknown Source)
W/System.err( 4927): android.content.pm.PackageManager$NameNotFoundException: co m.android.apps.tag
W/System.err( 4927): at android.app.ApplicationPackageManager.getPackageInfo( ApplicationPackageManager.java:81)
W/System.err( 4927): at com.trustgo.common.af.b(Unknown Source)
W/System.err( 4927): at com.trustgo.b.n.d(Unknown Source)
W/System.err( 4927): at com.trustgo.service.TrustgoService.H(Unknown Source)
W/System.err( 4927): at com.trustgo.service.c.run(Unknown Source)
D/BillingService( 2433): g
I/BillingService( 2433): binding to Market billing service
W/System.err( 4927): android.content.pm.PackageManager$NameNotFoundException: co m.android.calculator2
W/System.err( 4927): at android.app.ApplicationPackageManager.getPackageInfo( ApplicationPackageManager.java:81)
W/System.err( 4927): at com.trustgo.common.af.b(Unknown Source)
W/System.err( 4927): at com.trustgo.b.n.d(Unknown Source)
W/System.err( 4927): at com.trustgo.service.TrustgoService.H(Unknown Source)
W/System.err( 4927): at com.trustgo.service.c.run(Unknown Source)
D/BillingService( 2433): Billing service connected
D/BillingService( 2433): g
D/Finsky ( 2388): [75] InAppBillingUtils.getPreferredAccount: com.gau.go.launch erex.gowidget.taskmanagerex: Account from first account - [y1BapsTOJBDqcuNROGzlj ybvz4o]
W/System.err( 4927): android.content.pm.PackageManager$NameNotFoundException: co m.android.camera
D/Finsky ( 2388): [75] InAppBillingUtils.getPreferredAccount: com.gau.go.launch erex.gowidget.taskmanagerex: Account from first account - [y1BapsTOJBDqcuNROGzlj ybvz4o]
E/BillingService( 2433): restoreTransactions received RESULT_OK
D/BillingService( 2433): request id: 7350137126064752487
W/System.err( 4927): at android.app.ApplicationPackageManager.getPackageInfo(

ApplicationPackageManager.java:81)
W/System.err( 4927): at com.trustgo.common.af.b(Unknown Source)
W/System.err( 4927): at com.trustgo.b.n.d(Unknown Source)
W/System.err( 4927): at com.trustgo.service.TrustgoService.H(Unknown Source)
W/System.err( 4927): at com.trustgo.service.c.run(Unknown Source)
W/System.err( 4927): android.content.pm.PackageManager$NameNotFoundException: co m.android.facelock
W/System.err( 4927): at android.app.ApplicationPackageManager.getPackageInfo( ApplicationPackageManager.java:81)
W/System.err( 4927): at com.trustgo.common.af.b(Unknown Source)
W/System.err( 4927): at com.trustgo.b.n.d(Unknown Source)
W/System.err( 4927): at com.trustgo.service.TrustgoService.H(Unknown Source)
W/System.err( 4927): at com.trustgo.service.c.run(Unknown Source)
W/System.err( 4927): android.content.pm.PackageManager$NameNotFoundException: co m.android.htccontacts
W/System.err( 4927): at android.app.ApplicationPackageManager.getPackageInfo( ApplicationPackageManager.java:81)
W/System.err( 4927): at com.trustgo.common.af.b(Unknown Source)
W/System.err( 4927): at com.trustgo.b.n.d(Unknown Source)
W/System.err( 4927): at com.trustgo.service.TrustgoService.H(Unknown Source)
W/System.err( 4927): at com.trustgo.service.c.run(Unknown Source)
W/System.err( 4927): android.content.pm.PackageManager$NameNotFoundException: co m.android.htcdialer
W/System.err( 4927): at android.app.ApplicationPackageManager.getPackageInfo( ApplicationPackageManager.java:81)
W/System.err( 4927): at com.trustgo.common.af.b(Unknown Source)
W/System.err( 4927): at com.trustgo.b.n.d(Unknown Source)
W/System.err( 4927): at com.trustgo.service.TrustgoService.H(Unknown Source)
W/System.err( 4927): at com.trustgo.service.c.run(Unknown Source)
W/System.err( 4927): android.content.pm.PackageManager$NameNotFoundException: co m.android.htmlviewer
W/System.err( 4927): at android.app.ApplicationPackageManager.getPackageInfo( ApplicationPackageManager.java:81)
W/System.err( 4927): at com.trustgo.common.af.b(Unknown Source)
W/System.err( 4927): at com.trustgo.b.n.d(Unknown Source)
W/System.err( 4927): at com.trustgo.service.TrustgoService.H(Unknown Source)
W/System.err( 4927): at com.trustgo.service.c.run(Unknown Source)
W/System.err( 4927): android.content.pm.PackageManager$NameNotFoundException: co m.android.providers.htcCheckin
W/System.err( 4927): at android.app.ApplicationPackageManager.getPackageInfo( ApplicationPackageManager.java:81)
W/System.err( 4927): at com.trustgo.common.af.b(Unknown Source)
W/System.err( 4927): at com.trustgo.b.n.d(Unknown Source)
W/System.err( 4927): at com.trustgo.service.TrustgoService.H(Unknown Source)
W/System.err( 4927): at com.trustgo.service.c.run(Unknown Source)
W/System.err( 4927): android.content.pm.PackageManager$NameNotFoundException: co m.android.providers.htcmessage
W/System.err( 4927): at android.app.ApplicationPackageManager.getPackageInfo( ApplicationPackageManager.java:81)
W/System.err( 4927): at com.trustgo.common.af.b(Unknown Source)
W/System.err( 4927): at com.trustgo.b.n.d(Unknown Source)
W/System.err( 4927): at com.trustgo.service.TrustgoService.H(Unknown Source)
W/System.err( 4927): at com.trustgo.service.c.run(Unknown Source)
W/System.err( 4927): android.content.pm.PackageManager$NameNotFoundException: co m.android.providers.userdictionary
W/System.err( 4927): at android.app.ApplicationPackageManager.getPackageInfo( ApplicationPackageManager.java:81)
W/System.err( 4927): at com.trustgo.common.af.b(Unknown Source)
W/System.err( 4927): at com.trustgo.b.n.d(Unknown Source)
W/System.err( 4927): at com.trustgo.service.TrustgoService.H(Unknown Source)

W/System.err( 4927): at com.trustgo.service.c.run(Unknown Source)
W/System.err( 4927): android.content.pm.PackageManager$NameNotFoundException: co m.android.updater
W/System.err( 4927): at android.app.ApplicationPackageManager.getPackageInfo( ApplicationPackageManager.java:81)
W/System.err( 4927): at com.trustgo.common.af.b(Unknown Source)
W/System.err( 4927): at com.trustgo.b.n.d(Unknown Source)
W/System.err( 4927): at com.trustgo.service.TrustgoService.H(Unknown Source)
W/System.err( 4927): at com.trustgo.service.c.run(Unknown Source)
W/System.err( 4927): android.content.pm.PackageManager$NameNotFoundException: co m.android.voicedialer
W/System.err( 4927): at android.app.ApplicationPackageManager.getPackageInfo( ApplicationPackageManager.java:81)
W/System.err( 4927): at com.trustgo.common.af.b(Unknown Source)
W/System.err( 4927): at com.trustgo.b.n.d(Unknown Source)
W/System.err( 4927): at com.trustgo.service.TrustgoService.H(Unknown Source)
W/System.err( 4927): at com.trustgo.service.c.run(Unknown Source)
W/System.err( 4927): android.content.pm.PackageManager$NameNotFoundException: co m.avast.android.mobilesecurity
W/System.err( 4927): at android.app.ApplicationPackageManager.getPackageInfo( ApplicationPackageManager.java:81)
W/System.err( 4927): at com.trustgo.common.af.b(Unknown Source)
W/System.err( 4927): at com.trustgo.b.n.d(Unknown Source)
W/System.err( 4927): at com.trustgo.service.TrustgoService.H(Unknown Source)
W/System.err( 4927): at com.trustgo.service.c.run(Unknown Source)
W/System.err( 4927): android.content.pm.PackageManager$NameNotFoundException: co m.carrieriq.tmobile
W/System.err( 4927): at android.app.ApplicationPackageManager.getPackageInfo( ApplicationPackageManager.java:81)
W/System.err( 4927): at com.trustgo.common.af.b(Unknown Source)
W/System.err( 4927): at com.trustgo.b.n.d(Unknown Source)
W/System.err( 4927): at com.trustgo.service.TrustgoService.H(Unknown Source)
W/System.err( 4927): at com.trustgo.service.c.run(Unknown Source)
W/System.err( 4927): android.content.pm.PackageManager$NameNotFoundException: co m.carrieriq.tmobile.IQToggle
W/System.err( 4927): at android.app.ApplicationPackageManager.getPackageInfo( ApplicationPackageManager.java:81)
W/System.err( 4927): at com.trustgo.common.af.b(Unknown Source)
W/System.err( 4927): at com.trustgo.b.n.d(Unknown Source)
W/System.err( 4927): at com.trustgo.service.TrustgoService.H(Unknown Source)
W/System.err( 4927): at com.trustgo.service.c.run(Unknown Source)
W/System.err( 4927): android.content.pm.PackageManager$NameNotFoundException: co m.cequint.ecid
W/System.err( 4927): at android.app.ApplicationPackageManager.getPackageInfo( ApplicationPackageManager.java:81)
W/System.err( 4927): at com.trustgo.common.af.b(Unknown Source)
W/System.err( 4927): at com.trustgo.b.n.d(Unknown Source)
W/System.err( 4927): at com.trustgo.service.TrustgoService.H(Unknown Source)
W/System.err( 4927): at com.trustgo.service.c.run(Unknown Source)
W/System.err( 4927): android.content.pm.PackageManager$NameNotFoundException: co m.dropbox.android
W/System.err( 4927): at android.app.ApplicationPackageManager.getPackageInfo( ApplicationPackageManager.java:81)
W/System.err( 4927): at com.trustgo.common.af.b(Unknown Source)
W/System.err( 4927): at com.trustgo.b.n.d(Unknown Source)
W/System.err( 4927): at com.trustgo.service.TrustgoService.H(Unknown Source)
W/System.err( 4927): at com.trustgo.service.c.run(Unknown Source)
W/System.err( 4927): android.content.pm.PackageManager$NameNotFoundException: co m.google.android.feedback
W/System.err( 4927): at android.app.ApplicationPackageManager.getPackageInfo(

ApplicationPackageManager.java:81)
W/System.err( 4927): at com.trustgo.common.af.b(Unknown Source)
W/System.err( 4927): at com.trustgo.b.n.d(Unknown Source)
W/System.err( 4927): at com.trustgo.service.TrustgoService.H(Unknown Source)
W/System.err( 4927): at com.trustgo.service.c.run(Unknown Source)
W/System.err( 4927): android.content.pm.PackageManager$NameNotFoundException: co m.google.android.syncadapters.bookmarks
W/System.err( 4927): at android.app.ApplicationPackageManager.getPackageInfo( ApplicationPackageManager.java:81)
W/System.err( 4927): at com.trustgo.common.af.b(Unknown Source)
W/System.err( 4927): at com.trustgo.b.n.d(Unknown Source)
W/System.err( 4927): at com.trustgo.service.TrustgoService.H(Unknown Source)
W/System.err( 4927): at com.trustgo.service.c.run(Unknown Source)
W/System.err( 4927): android.content.pm.PackageManager$NameNotFoundException: co m.google.android.syncadapters.calendar
W/System.err( 4927): at android.app.ApplicationPackageManager.getPackageInfo( ApplicationPackageManager.java:81)
W/System.err( 4927): at com.trustgo.common.af.b(Unknown Source)
W/System.err( 4927): at com.trustgo.b.n.d(Unknown Source)
W/System.err( 4927): at com.trustgo.service.TrustgoService.H(Unknown Source)
W/System.err( 4927): at com.trustgo.service.c.run(Unknown Source)
W/System.err( 4927): android.content.pm.PackageManager$NameNotFoundException: co m.google.android.videos
W/System.err( 4927): at android.app.ApplicationPackageManager.getPackageInfo( ApplicationPackageManager.java:81)
W/System.err( 4927): at com.trustgo.common.af.b(Unknown Source)
W/System.err( 4927): at com.trustgo.b.n.d(Unknown Source)
W/System.err( 4927): at com.trustgo.service.TrustgoService.H(Unknown Source)
W/System.err( 4927): at com.trustgo.service.c.run(Unknown Source)
W/System.err( 4927): android.content.pm.PackageManager$NameNotFoundException: co m.htc
W/System.err( 4927): at android.app.ApplicationPackageManager.getPackageInfo( ApplicationPackageManager.java:81)
W/System.err( 4927): at com.trustgo.common.af.b(Unknown Source)
W/System.err( 4927): at com.trustgo.b.n.d(Unknown Source)
W/System.err( 4927): at com.trustgo.service.TrustgoService.H(Unknown Source)
W/System.err( 4927): at com.trustgo.service.c.run(Unknown Source)
W/System.err( 4927): android.content.pm.PackageManager$NameNotFoundException: co m.htc.CustomizationSetup
W/System.err( 4927): at android.app.ApplicationPackageManager.getPackageInfo( ApplicationPackageManager.java:81)
W/System.err( 4927): at com.trustgo.common.af.b(Unknown Source)
W/System.err( 4927): at com.trustgo.b.n.d(Unknown Source)
W/System.err( 4927): at com.trustgo.service.TrustgoService.H(Unknown Source)
W/System.err( 4927): at com.trustgo.service.c.run(Unknown Source)
W/System.err( 4927): android.content.pm.PackageManager$NameNotFoundException: co m.htc.FMRadioWidget
W/System.err( 4927): at android.app.ApplicationPackageManager.getPackageInfo( ApplicationPackageManager.java:81)
W/System.err( 4927): at com.trustgo.common.af.b(Unknown Source)
W/System.err( 4927): at com.trustgo.b.n.d(Unknown Source)
W/System.err( 4927): at com.trustgo.service.TrustgoService.H(Unknown Source)
W/System.err( 4927): at com.trustgo.service.c.run(Unknown Source)
W/System.err( 4927): android.content.pm.PackageManager$NameNotFoundException: co m.htc.FilePicker
W/System.err( 4927): at android.app.ApplicationPackageManager.getPackageInfo( ApplicationPackageManager.java:81)
W/System.err( 4927): at com.trustgo.common.af.b(Unknown Source)
W/System.err( 4927): at com.trustgo.b.n.d(Unknown Source)
W/System.err( 4927): at com.trustgo.service.TrustgoService.H(Unknown Source)

W/System.err( 4927): at com.trustgo.service.c.run(Unknown Source)
W/System.err( 4927): android.content.pm.PackageManager$NameNotFoundException: co m.htc.FriendStream3DWidget
W/System.err( 4927): at android.app.ApplicationPackageManager.getPackageInfo( ApplicationPackageManager.java:81)
W/System.err( 4927): at com.trustgo.common.af.b(Unknown Source)
W/System.err( 4927): at com.trustgo.b.n.d(Unknown Source)
W/System.err( 4927): at com.trustgo.service.TrustgoService.H(Unknown Source)
W/System.err( 4927): at com.trustgo.service.c.run(Unknown Source)
W/System.err( 4927): android.content.pm.PackageManager$NameNotFoundException: co m.htc.HtcLinkifyDispatcher
W/System.err( 4927): at android.app.ApplicationPackageManager.getPackageInfo( ApplicationPackageManager.java:81)
W/System.err( 4927): at com.trustgo.common.af.b(Unknown Source)
W/System.err( 4927): at com.trustgo.b.n.d(Unknown Source)
W/System.err( 4927): at com.trustgo.service.TrustgoService.H(Unknown Source)
W/System.err( 4927): at com.trustgo.service.c.run(Unknown Source)
W/System.err( 4927): android.content.pm.PackageManager$NameNotFoundException: co m.htc.MediaAutoUploadSetting
W/System.err( 4927): at android.app.ApplicationPackageManager.getPackageInfo( ApplicationPackageManager.java:81)
W/System.err( 4927): at com.trustgo.common.af.b(Unknown Source)
W/System.err( 4927): at com.trustgo.b.n.d(Unknown Source)
W/System.err( 4927): at com.trustgo.service.TrustgoService.H(Unknown Source)
W/System.err( 4927): at com.trustgo.service.c.run(Unknown Source)
W/System.err( 4927): android.content.pm.PackageManager$NameNotFoundException: co m.htc.MediaCacheService
W/System.err( 4927): at android.app.ApplicationPackageManager.getPackageInfo( ApplicationPackageManager.java:81)
W/System.err( 4927): at com.trustgo.common.af.b(Unknown Source)
W/System.err( 4927): at com.trustgo.b.n.d(Unknown Source)
W/System.err( 4927): at com.trustgo.service.TrustgoService.H(Unknown Source)
W/System.err( 4927): at com.trustgo.service.c.run(Unknown Source)
W/System.err( 4927): android.content.pm.PackageManager$NameNotFoundException: co m.htc.MusicWidget3D
W/System.err( 4927): at android.app.ApplicationPackageManager.getPackageInfo( ApplicationPackageManager.java:81)
W/System.err( 4927): at com.trustgo.common.af.b(Unknown Source)
W/System.err( 4927): at com.trustgo.b.n.d(Unknown Source)
W/System.err( 4927): at com.trustgo.service.TrustgoService.H(Unknown Source)
W/System.err( 4927): at com.trustgo.service.c.run(Unknown Source)
W/System.err( 4927): android.content.pm.PackageManager$NameNotFoundException: co m.htc.Sync3DWidget
W/System.err( 4927): at android.app.ApplicationPackageManager.getPackageInfo( ApplicationPackageManager.java:81)
W/System.err( 4927): at com.trustgo.common.af.b(Unknown Source)
W/System.err( 4927): at com.trustgo.b.n.d(Unknown Source)
W/System.err( 4927): at com.trustgo.service.TrustgoService.H(Unknown Source)
W/System.err( 4927): at com.trustgo.service.c.run(Unknown Source)
W/System.err( 4927): android.content.pm.PackageManager$NameNotFoundException: co m.htc.Task3DWidget
W/System.err( 4927): at android.app.ApplicationPackageManager.getPackageInfo( ApplicationPackageManager.java:81)
W/System.err( 4927): at com.trustgo.common.af.b(Unknown Source)
W/System.err( 4927): at com.trustgo.b.n.d(Unknown Source)
W/System.err( 4927): at com.trustgo.service.TrustgoService.H(Unknown Source)
W/System.err( 4927): at com.trustgo.service.c.run(Unknown Source)
W/System.err( 4927): android.content.pm.PackageManager$NameNotFoundException: co m.htc.Trends3DWidget
W/System.err( 4927): at android.app.ApplicationPackageManager.getPackageInfo(

ApplicationPackageManager.java:81)
W/System.err( 4927): at com.trustgo.common.af.b(Unknown Source)
W/System.err( 4927): at com.trustgo.b.n.d(Unknown Source)
W/System.err( 4927): at com.trustgo.service.TrustgoService.H(Unknown Source)
W/System.err( 4927): at com.trustgo.service.c.run(Unknown Source)
W/System.err( 4927): android.content.pm.PackageManager$NameNotFoundException: co m.htc.Twitter3DWidget
W/System.err( 4927): at android.app.ApplicationPackageManager.getPackageInfo( ApplicationPackageManager.java:81)
W/System.err( 4927): at com.trustgo.common.af.b(Unknown Source)
W/System.err( 4927): at com.trustgo.b.n.d(Unknown Source)
W/System.err( 4927): at com.trustgo.service.TrustgoService.H(Unknown Source)
W/System.err( 4927): at com.trustgo.service.c.run(Unknown Source)
W/System.err( 4927): android.content.pm.PackageManager$NameNotFoundException: co m.htc.UpgradeSetup
W/System.err( 4927): at android.app.ApplicationPackageManager.getPackageInfo( ApplicationPackageManager.java:81)
W/System.err( 4927): at com.trustgo.common.af.b(Unknown Source)
W/System.err( 4927): at com.trustgo.b.n.d(Unknown Source)
W/System.err( 4927): at com.trustgo.service.TrustgoService.H(Unknown Source)
W/System.err( 4927): at com.trustgo.service.c.run(Unknown Source)
W/System.err( 4927): android.content.pm.PackageManager$NameNotFoundException: co m.htc.Weather
W/System.err( 4927): at android.app.ApplicationPackageManager.getPackageInfo( ApplicationPackageManager.java:81)
W/System.err( 4927): at com.trustgo.common.af.b(Unknown Source)
W/System.err( 4927): at com.trustgo.b.n.d(Unknown Source)
W/System.err( 4927): at com.trustgo.service.TrustgoService.H(Unknown Source)
W/System.err( 4927): at com.trustgo.service.c.run(Unknown Source)
W/System.err( 4927): android.content.pm.PackageManager$NameNotFoundException: co m.htc.WeatherWallpaper
W/System.err( 4927): at android.app.ApplicationPackageManager.getPackageInfo( ApplicationPackageManager.java:81)
W/System.err( 4927): at com.trustgo.common.af.b(Unknown Source)
W/System.err( 4927): at com.trustgo.b.n.d(Unknown Source)
W/System.err( 4927): at com.trustgo.service.TrustgoService.H(Unknown Source)
W/System.err( 4927): at com.trustgo.service.c.run(Unknown Source)
W/System.err( 4927): android.content.pm.PackageManager$NameNotFoundException: co m.htc.WifiRouter
W/System.err( 4927): at android.app.ApplicationPackageManager.getPackageInfo( ApplicationPackageManager.java:81)
W/System.err( 4927): at com.trustgo.common.af.b(Unknown Source)
W/System.err( 4927): at com.trustgo.b.n.d(Unknown Source)
W/System.err( 4927): at com.trustgo.service.TrustgoService.H(Unknown Source)
W/System.err( 4927): at com.trustgo.service.c.run(Unknown Source)
W/System.err( 4927): android.content.pm.PackageManager$NameNotFoundException: co m.htc.album
W/System.err( 4927): at android.app.ApplicationPackageManager.getPackageInfo( ApplicationPackageManager.java:81)
W/System.err( 4927): at com.trustgo.common.af.b(Unknown Source)
W/System.err( 4927): at com.trustgo.b.n.d(Unknown Source)
W/System.err( 4927): at com.trustgo.service.TrustgoService.H(Unknown Source)
W/System.err( 4927): at com.trustgo.service.c.run(Unknown Source)
W/System.err( 4927): android.content.pm.PackageManager$NameNotFoundException: co m.htc.album.mapview
W/System.err( 4927): at android.app.ApplicationPackageManager.getPackageInfo( ApplicationPackageManager.java:81)
W/System.err( 4927): at com.trustgo.common.af.b(Unknown Source)
W/System.err( 4927): at com.trustgo.b.n.d(Unknown Source)
W/System.err( 4927): at com.trustgo.service.TrustgoService.H(Unknown Source)

W/System.err( 4927): at com.trustgo.service.c.run(Unknown Source)
W/System.err( 4927): android.content.pm.PackageManager$NameNotFoundException: co m.htc.android.WeatherLiveWallpaper
W/System.err( 4927): at android.app.ApplicationPackageManager.getPackageInfo( ApplicationPackageManager.java:81)
W/System.err( 4927): at com.trustgo.common.af.b(Unknown Source)
W/System.err( 4927): at com.trustgo.b.n.d(Unknown Source)
W/System.err( 4927): at com.trustgo.service.TrustgoService.H(Unknown Source)
W/System.err( 4927): at com.trustgo.service.c.run(Unknown Source)
W/System.err( 4927): android.content.pm.PackageManager$NameNotFoundException: co m.htc.android.fusion.calculator
W/System.err( 4927): at android.app.ApplicationPackageManager.getPackageInfo( ApplicationPackageManager.java:81)
W/System.err( 4927): at com.trustgo.common.af.b(Unknown Source)
W/System.err( 4927): at com.trustgo.b.n.d(Unknown Source)
W/System.err( 4927): at com.trustgo.service.TrustgoService.H(Unknown Source)
W/System.err( 4927): at com.trustgo.service.c.run(Unknown Source)
W/System.err( 4927): android.content.pm.PackageManager$NameNotFoundException: co m.htc.android.htcime
W/System.err( 4927): at android.app.ApplicationPackageManager.getPackageInfo( ApplicationPackageManager.java:81)
W/System.err( 4927): at com.trustgo.common.af.b(Unknown Source)
W/System.err( 4927): at com.trustgo.b.n.d(Unknown Source)
W/System.err( 4927): at com.trustgo.service.TrustgoService.H(Unknown Source)
W/System.err( 4927): at com.trustgo.service.c.run(Unknown Source)
W/System.err( 4927): android.content.pm.PackageManager$NameNotFoundException: co m.htc.android.htcsetupwizard
W/System.err( 4927): at android.app.ApplicationPackageManager.getPackageInfo( ApplicationPackageManager.java:81)
W/System.err( 4927): at com.trustgo.common.af.b(Unknown Source)
W/System.err( 4927): at com.trustgo.b.n.d(Unknown Source)
W/System.err( 4927): at com.trustgo.service.TrustgoService.H(Unknown Source)
W/System.err( 4927): at com.trustgo.service.c.run(Unknown Source)
W/System.err( 4927): android.content.pm.PackageManager$NameNotFoundException: co m.htc.android.image_wallpaper
W/System.err( 4927): at android.app.ApplicationPackageManager.getPackageInfo( ApplicationPackageManager.java:81)
W/System.err( 4927): at com.trustgo.common.af.b(Unknown Source)
W/System.err( 4927): at com.trustgo.b.n.d(Unknown Source)
W/System.err( 4927): at com.trustgo.service.TrustgoService.H(Unknown Source)
W/System.err( 4927): at com.trustgo.service.c.run(Unknown Source)
W/System.err( 4927): android.content.pm.PackageManager$NameNotFoundException: co m.htc.android.locationpicker
W/System.err( 4927): at android.app.ApplicationPackageManager.getPackageInfo( ApplicationPackageManager.java:81)
W/System.err( 4927): at com.trustgo.common.af.b(Unknown Source)
W/System.err( 4927): at com.trustgo.b.n.d(Unknown Source)
W/System.err( 4927): at com.trustgo.service.TrustgoService.H(Unknown Source)
W/System.err( 4927): at com.trustgo.service.c.run(Unknown Source)
W/System.err( 4927): android.content.pm.PackageManager$NameNotFoundException: co m.htc.android.mail
W/System.err( 4927): at android.app.ApplicationPackageManager.getPackageInfo( ApplicationPackageManager.java:81)
W/System.err( 4927): at com.trustgo.common.af.b(Unknown Source)
W/System.err( 4927): at com.trustgo.b.n.d(Unknown Source)
W/System.err( 4927): at com.trustgo.service.TrustgoService.H(Unknown Source)
W/System.err( 4927): at com.trustgo.service.c.run(Unknown Source)
W/System.err( 4927): android.content.pm.PackageManager$NameNotFoundException: co m.htc.android.psclient
W/System.err( 4927): at android.app.ApplicationPackageManager.getPackageInfo(

ApplicationPackageManager.java:81)
W/System.err( 4927): at com.trustgo.common.af.b(Unknown Source)
W/System.err( 4927): at com.trustgo.b.n.d(Unknown Source)
W/System.err( 4927): at com.trustgo.service.TrustgoService.H(Unknown Source)
W/System.err( 4927): at com.trustgo.service.c.run(Unknown Source)
W/System.err( 4927): android.content.pm.PackageManager$NameNotFoundException: co m.htc.android.qxdm2sd
W/System.err( 4927): at android.app.ApplicationPackageManager.getPackageInfo( ApplicationPackageManager.java:81)
W/System.err( 4927): at com.trustgo.common.af.b(Unknown Source)
W/System.err( 4927): at com.trustgo.b.n.d(Unknown Source)
W/System.err( 4927): at com.trustgo.service.TrustgoService.H(Unknown Source)
W/System.err( 4927): at com.trustgo.service.c.run(Unknown Source)
W/System.err( 4927): android.content.pm.PackageManager$NameNotFoundException: co m.htc.android.teeter
W/System.err( 4927): at android.app.ApplicationPackageManager.getPackageInfo( ApplicationPackageManager.java:81)
W/System.err( 4927): at com.trustgo.common.af.b(Unknown Source)
W/System.err( 4927): at com.trustgo.b.n.d(Unknown Source)
W/System.err( 4927): at com.trustgo.service.TrustgoService.H(Unknown Source)
W/System.err( 4927): at com.trustgo.service.c.run(Unknown Source)
W/System.err( 4927): android.content.pm.PackageManager$NameNotFoundException: co m.htc.android.wallpaper
W/System.err( 4927): at android.app.ApplicationPackageManager.getPackageInfo( ApplicationPackageManager.java:81)
W/System.err( 4927): at com.trustgo.common.af.b(Unknown Source)
W/System.err( 4927): at com.trustgo.b.n.d(Unknown Source)
W/System.err( 4927): at com.trustgo.service.TrustgoService.H(Unknown Source)
W/System.err( 4927): at com.trustgo.service.c.run(Unknown Source)
W/System.err( 4927): android.content.pm.PackageManager$NameNotFoundException: co m.htc.android.worldclock
W/System.err( 4927): at android.app.ApplicationPackageManager.getPackageInfo( ApplicationPackageManager.java:81)
W/System.err( 4927): at com.trustgo.common.af.b(Unknown Source)
W/System.err( 4927): at com.trustgo.b.n.d(Unknown Source)
W/System.err( 4927): at com.trustgo.service.TrustgoService.H(Unknown Source)
W/System.err( 4927): at com.trustgo.service.c.run(Unknown Source)
W/System.err( 4927): android.content.pm.PackageManager$NameNotFoundException: co m.htc.appsharing
W/System.err( 4927): at android.app.ApplicationPackageManager.getPackageInfo( ApplicationPackageManager.java:81)
W/System.err( 4927): at com.trustgo.common.af.b(Unknown Source)
W/System.err( 4927): at com.trustgo.b.n.d(Unknown Source)
W/System.err( 4927): at com.trustgo.service.TrustgoService.H(Unknown Source)
W/System.err( 4927): at com.trustgo.service.c.run(Unknown Source)
W/System.err( 4927): android.content.pm.PackageManager$NameNotFoundException: co m.htc.autorotatewidget
W/System.err( 4927): at android.app.ApplicationPackageManager.getPackageInfo( ApplicationPackageManager.java:81)
W/System.err( 4927): at com.trustgo.common.af.b(Unknown Source)
W/System.err( 4927): at com.trustgo.b.n.d(Unknown Source)
W/System.err( 4927): at com.trustgo.service.TrustgoService.H(Unknown Source)
W/System.err( 4927): at com.trustgo.service.c.run(Unknown Source)
W/System.err( 4927): android.content.pm.PackageManager$NameNotFoundException: co m.htc.businessroom
W/System.err( 4927): at android.app.ApplicationPackageManager.getPackageInfo( ApplicationPackageManager.java:81)
W/System.err( 4927): at com.trustgo.common.af.b(Unknown Source)
W/System.err( 4927): at com.trustgo.b.n.d(Unknown Source)
W/System.err( 4927): at com.trustgo.service.TrustgoService.H(Unknown Source)

W/System.err( 4927): at com.trustgo.service.c.run(Unknown Source)
W/System.err( 4927): android.content.pm.PackageManager$NameNotFoundException: co m.htc.calendar
W/System.err( 4927): at android.app.ApplicationPackageManager.getPackageInfo( ApplicationPackageManager.java:81)
W/System.err( 4927): at com.trustgo.common.af.b(Unknown Source)
W/System.err( 4927): at com.trustgo.b.n.d(Unknown Source)
W/System.err( 4927): at com.trustgo.service.TrustgoService.H(Unknown Source)
W/System.err( 4927): at com.trustgo.service.c.run(Unknown Source)
W/System.err( 4927): android.content.pm.PackageManager$NameNotFoundException: co m.htc.clock3dwidget
W/System.err( 4927): at android.app.ApplicationPackageManager.getPackageInfo( ApplicationPackageManager.java:81)
W/System.err( 4927): at com.trustgo.common.af.b(Unknown Source)
W/System.err( 4927): at com.trustgo.b.n.d(Unknown Source)
W/System.err( 4927): at com.trustgo.service.TrustgoService.H(Unknown Source)
W/System.err( 4927): at com.trustgo.service.c.run(Unknown Source)
W/System.err( 4927): android.content.pm.PackageManager$NameNotFoundException: co m.htc.connectedMedia
W/System.err( 4927): at android.app.ApplicationPackageManager.getPackageInfo( ApplicationPackageManager.java:81)
W/System.err( 4927): at com.trustgo.common.af.b(Unknown Source)
W/System.err( 4927): at com.trustgo.b.n.d(Unknown Source)
W/System.err( 4927): at com.trustgo.service.TrustgoService.H(Unknown Source)
W/System.err( 4927): at com.trustgo.service.c.run(Unknown Source)
W/System.err( 4927): android.content.pm.PackageManager$NameNotFoundException: co m.htc.cs
W/System.err( 4927): at android.app.ApplicationPackageManager.getPackageInfo( ApplicationPackageManager.java:81)
W/System.err( 4927): at com.trustgo.common.af.b(Unknown Source)
W/System.err( 4927): at com.trustgo.b.n.d(Unknown Source)
W/System.err( 4927): at com.trustgo.service.TrustgoService.H(Unknown Source)
W/System.err( 4927): at com.trustgo.service.c.run(Unknown Source)
W/System.err( 4927): android.content.pm.PackageManager$NameNotFoundException: co m.htc.csengine
W/System.err( 4927): at android.app.ApplicationPackageManager.getPackageInfo( ApplicationPackageManager.java:81)
W/System.err( 4927): at com.trustgo.common.af.b(Unknown Source)
W/System.err( 4927): at com.trustgo.b.n.d(Unknown Source)
W/System.err( 4927): at com.trustgo.service.TrustgoService.H(Unknown Source)
W/System.err( 4927): at com.trustgo.service.c.run(Unknown Source)
W/System.err( 4927): android.content.pm.PackageManager$NameNotFoundException: co m.htc.demoflopackageinstaller
W/System.err( 4927): at android.app.ApplicationPackageManager.getPackageInfo( ApplicationPackageManager.java:81)
W/System.err( 4927): at com.trustgo.common.af.b(Unknown Source)
W/System.err( 4927): at com.trustgo.b.n.d(Unknown Source)
W/System.err( 4927): at com.trustgo.service.TrustgoService.H(Unknown Source)
W/System.err( 4927): at com.trustgo.service.c.run(Unknown Source)
W/System.err( 4927): android.content.pm.PackageManager$NameNotFoundException: co m.htc.dlnamiddlelayer
W/System.err( 4927): at android.app.ApplicationPackageManager.getPackageInfo( ApplicationPackageManager.java:81)
W/System.err( 4927): at com.trustgo.common.af.b(Unknown Source)
W/System.err( 4927): at com.trustgo.b.n.d(Unknown Source)
W/System.err( 4927): at com.trustgo.service.TrustgoService.H(Unknown Source)
W/System.err( 4927): at com.trustgo.service.c.run(Unknown Source)
W/System.err( 4927): android.content.pm.PackageManager$NameNotFoundException: co m.htc.dmc
W/System.err( 4927): at android.app.ApplicationPackageManager.getPackageInfo(

ApplicationPackageManager.java:81)
W/System.err( 4927): at com.trustgo.common.af.b(Unknown Source)
